-- https://www.phpmyadmin.net/
--
-- Hôte : 127.0.0.1:3306
-- Généré le :  ven. 01 mars 2019 à 00:13
-- Version du serveur :  5.7.23
-- Version de PHP :  7.2.10

START TRANSACTION;



--
-- Base de données :  `lacabane`
--

-- --------------------------------------------------------

--
-- Structure de la table `lc_cart`
--

CREATE TABLE IF NOT EXISTS `lc_cart` (
  `id` int(11) NOT NULL AUTO_INCREMENT,
  `id_user` int(11) DEFAULT NULL,
  `date_add` datetime NOT NULL,
  `date_upd` datetime DEFAULT NULL,
  `id_discount` int(11) DEFAULT NULL,
  PRIMARY KEY (`id`),
  KEY `IDX_CFBE8BAA6B3CA4B` (`id_user`),
  KEY `IDX_CFBE8BAAB13B589B` (`id_discount`)
) ENGINE=InnoDB AUTO_INCREMENT=2 DEFAULT CHARSET=utf8 COLLATE=utf8_unicode_ci;

-- --------------------------------------------------------

--
-- Structure de la table `lc_cart_product`
--

CREATE TABLE IF NOT EXISTS `lc_cart_product` (
  `id` int(11) NOT NULL AUTO_INCREMENT,
  `id_cart` int(11) DEFAULT NULL,
  `id_product` int(11) DEFAULT NULL,
  `quantity` int(11) NOT NULL,
  `date_add` datetime NOT NULL,
  PRIMARY KEY (`id`),
  KEY `IDX_5D1BAD93808394B5` (`id_cart`),
  KEY `IDX_5D1BAD93DD7ADDD` (`id_product`)
) ENGINE=InnoDB AUTO_INCREMENT=4 DEFAULT CHARSET=utf8 COLLATE=utf8_unicode_ci;

-- --------------------------------------------------------

--
-- Structure de la table `lc_category`
--

CREATE TABLE IF NOT EXISTS `lc_category` (
  `id` int(11) NOT NULL AUTO_INCREMENT,
  `name` varchar(255) COLLATE utf8_unicode_ci NOT NULL,
  `description` varchar(255) COLLATE utf8_unicode_ci NOT NULL,
  PRIMARY KEY (`id`)
) ENGINE=InnoDB AUTO_INCREMENT=4 DEFAULT CHARSET=utf8 COLLATE=utf8_unicode_ci;

--
-- Déchargement des données de la table `lc_category`
--

INSERT INTO `lc_category` (`id`, `name`, `description`) VALUES
(1, 'Décoration Marine et des Îles', 'Découvrez tout l\'univers de la Décoration Marine pour pour votre intérieur. Nous vous proposons de donner une touche marine avec des produits inspirés de l\'univers marin.'),
(2, 'Décor Colonial', 'Retrouvez nos meubles colonial en bois et marin, vintage ou métal de style industriel,'),
(3, 'Jardin', 'Décorer, agencer et aménager votre jardin, terrasse, balcon et extérieur dans le respect de la nature avec les décorations et abris de jardins.');

-- --------------------------------------------------------

--
-- Structure de la table `lc_category_sub`
--

CREATE TABLE IF NOT EXISTS `lc_category_sub` (
  `id` int(11) NOT NULL AUTO_INCREMENT,
  `id_category` int(11) DEFAULT NULL,
  `name` varchar(255) COLLATE utf8_unicode_ci NOT NULL,
  `description` varchar(255) COLLATE utf8_unicode_ci NOT NULL,
  PRIMARY KEY (`id`),
  KEY `IDX_84B4EBF5697F554` (`id_category`)
) ENGINE=InnoDB AUTO_INCREMENT=9 DEFAULT CHARSET=utf8 COLLATE=utf8_unicode_ci;

--
-- Déchargement des données de la table `lc_category_sub`
--

INSERT INTO `lc_category_sub` (`id`, `id_category`, `name`, `description`) VALUES
(1, 1, 'Coffres de Voyage', 'Malles et Coffres répliques d’époques dans l\'esprit des grands voyageurs et décors d\'aventures d\'antan'),
(2, 1, 'Décor Marin', 'Partez à la découverte des îles avec des cartes anciennes, des maquettes d\'avions et de bateaux, voiliers, des horloges marines et solaires, des baromètres, globes terrestre.'),
(5, 2, 'Meubles bois colonial', 'Meubles en bois de style marine avec un niveau d\'esthétisme et de finition irréprochable.'),
(6, 2, 'Meubles esprit nature', 'Meuble en bois massif de fabrication artisanale pour vous garantir un mobilier durable.'),
(7, 3, 'Décoration et aménagement', 'Décorer, Agencer et Aménager votre Jardin, Terrasse, Balcon et Extérieur dans le Respect de la Nature avec les Décorations et Abris de Jardins.'),
(8, 3, 'Hamac de jardin', 'Ambiance détente et relaxation avec les hamacs chaise, hamacs lits ainsi que les supports de hamacs pour intérieurs et jardins.');

-- --------------------------------------------------------

--
-- Structure de la table `lc_comment`
--

CREATE TABLE IF NOT EXISTS `lc_comment` (
  `id` int(11) NOT NULL AUTO_INCREMENT,
  `id_user` int(11) DEFAULT NULL,
  `id_product` int(11) DEFAULT NULL,
  `note` int(11) NOT NULL,
  `title` varchar(255) COLLATE utf8_unicode_ci NOT NULL,
  `description` varchar(255) COLLATE utf8_unicode_ci NOT NULL,
  `date_add` datetime NOT NULL,
  PRIMARY KEY (`id`),
  KEY `IDX_C8A15D916B3CA4B` (`id_user`),
  KEY `IDX_C8A15D91DD7ADDD` (`id_product`)
) ENGINE=InnoDB AUTO_INCREMENT=3 DEFAULT CHARSET=utf8 COLLATE=utf8_unicode_ci;

-- --------------------------------------------------------

--
-- Structure de la table `lc_discount`
--

CREATE TABLE IF NOT EXISTS `lc_discount` (
  `id` int(11) NOT NULL AUTO_INCREMENT,
  `date_from` datetime NOT NULL,
  `date_to` datetime NOT NULL,
  `type` varchar(255) COLLATE utf8_unicode_ci NOT NULL,
  `code` varchar(255) COLLATE utf8_unicode_ci NOT NULL,
  `active` tinyint(1) NOT NULL,
  `date_add` datetime NOT NULL,
  `date_upd` datetime DEFAULT NULL,
  `amount` int(11) NOT NULL,
  `name` varchar(255) COLLATE utf8_unicode_ci NOT NULL,
  PRIMARY KEY (`id`)
) ENGINE=InnoDB AUTO_INCREMENT=5 DEFAULT CHARSET=utf8 COLLATE=utf8_unicode_ci;

--
-- Déchargement des données de la table `lc_discount`
--

INSERT INTO `lc_discount` (`id`, `date_from`, `date_to`, `type`, `code`, `active`, `date_add`, `date_upd`, `amount`, `name`) VALUES
(4, '2019-01-30 18:08:00', '2023-01-01 00:00:00', '1', '5e', 1, '2019-01-30 18:08:00', '2019-01-30 18:08:00', 5, 'Promo 5€');

-- --------------------------------------------------------

--
-- Structure de la table `lc_invoice`
--

CREATE TABLE IF NOT EXISTS `lc_invoice` (
  `id` int(11) NOT NULL AUTO_INCREMENT,
  `id_order` int(11) DEFAULT NULL,
  `numinvoice` varchar(255) COLLATE utf8_unicode_ci NOT NULL,
  `gen_invoice` datetime NOT NULL,
  PRIMARY KEY (`id`),
  KEY `IDX_CCB018B91BACD2A8` (`id_order`)
) ENGINE=InnoDB AUTO_INCREMENT=2 DEFAULT CHARSET=utf8 COLLATE=utf8_unicode_ci;

--
-- Déchargement des données de la table `lc_invoice`
--

INSERT INTO `lc_invoice` (`id`, `id_order`, `numinvoice`, `gen_invoice`) VALUES
(1, 1, '101', '2019-02-28 22:49:44');

-- --------------------------------------------------------

--
-- Structure de la table `lc_order`
--

CREATE TABLE IF NOT EXISTS `lc_order` (
  `id` int(11) NOT NULL AUTO_INCREMENT,
  `id_user` int(11) DEFAULT NULL,
  `id_discount` int(11) DEFAULT NULL,
  `reforder` varchar(255) COLLATE utf8_unicode_ci NOT NULL,
  `payment` varchar(255) COLLATE utf8_unicode_ci NOT NULL,
  `total_products` int(11) NOT NULL,
  `total_shipping` double NOT NULL,
  `total_paid` double NOT NULL,
  `order_state` int(11) NOT NULL,
  `date_add` datetime NOT NULL,
  PRIMARY KEY (`id`),
  KEY `IDX_96EBE2426B3CA4B` (`id_user`),
  KEY `IDX_96EBE242B13B589B` (`id_discount`)
) ENGINE=InnoDB AUTO_INCREMENT=2 DEFAULT CHARSET=utf8 COLLATE=utf8_unicode_ci;

--
-- Déchargement des données de la table `lc_order`
--

INSERT INTO `lc_order` (`id`, `id_user`, `id_discount`, `reforder`, `payment`, `total_products`, `total_shipping`, `total_paid`, `order_state`, `date_add`) VALUES
(1, 1, NULL, 'AJDMLTE', 'cb', 3, 0, 1544.4, 1, '2019-02-28 22:49:43');

-- --------------------------------------------------------

--
-- Structure de la table `lc_order_product`
--

CREATE TABLE IF NOT EXISTS `lc_order_product` (
  `id` int(11) NOT NULL AUTO_INCREMENT,
  `id_order` int(11) DEFAULT NULL,
  `id_product` int(11) DEFAULT NULL,
  `quantity` int(11) NOT NULL,
  PRIMARY KEY (`id`),
  KEY `IDX_7A40AE8F1BACD2A8` (`id_order`),
  KEY `IDX_7A40AE8FDD7ADDD` (`id_product`)
) ENGINE=InnoDB AUTO_INCREMENT=4 DEFAULT CHARSET=utf8 COLLATE=utf8_unicode_ci;

--
-- Déchargement des données de la table `lc_order_product`
--

INSERT INTO `lc_order_product` (`id`, `id_order`, `id_product`, `quantity`) VALUES
(1, 1, 10, 1),
(2, 1, 17, 1),
(3, 1, 4, 1);

-- --------------------------------------------------------

--
-- Structure de la table `lc_product`
--

CREATE TABLE IF NOT EXISTS `lc_product` (
  `id` int(11) NOT NULL AUTO_INCREMENT,
  `id_category_sub` int(11) DEFAULT NULL,
  `description` longtext COLLATE utf8_unicode_ci NOT NULL,
  `price_without_vat` double DEFAULT NULL,
  `width` double DEFAULT NULL,
  `height` double DEFAULT NULL,
  `depth` double DEFAULT NULL,
  `weight` double DEFAULT NULL,
  `date_add` datetime NOT NULL,
  `date_upd` datetime DEFAULT NULL,
  `active` tinyint(1) NOT NULL,
  `refproduct` varchar(255) COLLATE utf8_unicode_ci NOT NULL,
  `name` varchar(255) COLLATE utf8_unicode_ci NOT NULL,
  PRIMARY KEY (`id`),
  KEY `IDX_8F9F0B505E015AF4` (`id_category_sub`)
) ENGINE=InnoDB AUTO_INCREMENT=25 DEFAULT CHARSET=utf8 COLLATE=utf8_unicode_ci;

--
-- Déchargement des données de la table `lc_product`
--

INSERT INTO `lc_product` (`id`, `id_category_sub`, `description`, `price_without_vat`, `width`, `height`, `depth`, `weight`, `date_add`, `date_upd`, `active`, `refproduct`, `name`) VALUES
(1, 1, 'Coffres gigognes en bois de mango finition noyer naturel, avec sangles horizontales et poignées en cuir, renforts, clous et fermetures par verrou en métal.', 125, 70, 45, 50, 6, '2019-01-21 09:58:00', '2019-02-27 17:38:49', 1, 'COFFRE1', 'Coffres gigognes bois massif cuir et métal'),
(2, 1, 'Beau petit coffret bois et cuir marine idéal comme contenant de cigares ou cigarettes, boîte à bijoux, clés et autres petits objets.', 35, 23, 11, 11, 3, '2019-01-22 16:19:00', '2019-02-27 17:41:42', 1, 'COFFRE2', 'Coffret bois et cuir navigateur'),
(3, 1, 'Avec cette nacelle en osier, imaginez-vous flottant sans effort dans les nuages, dans un silence total, contemplant le monde depuis votre nacelle en osier de ballon montgolfière.', 230, 70, 40, 70, 10, '2019-01-23 16:38:00', '2019-02-27 17:43:17', 1, 'COFFRE3', 'Nacelles de montgolfière en osier'),
(4, 1, 'A l\'origine, la malle victorienne était utilisée pour expédier ses effets personnels par train, bateau à vapeur, par les diligences. Les malles étaient transportées par des porteurs. Ce qui nécessitait des malles solides et à toutes épreuves.', 257, 40, 50, 60, 12, '2019-01-23 21:37:00', '2019-02-27 17:44:27', 1, 'COFFRE4', 'Malle de cabine bois laiton'),
(5, 2, 'Applique murale Esprit de Lagon, socle et abat-jour assortis, tige en bois flotté et galets avec inscription « Esprit de Lagon » pour une déco naturelle d\'inspiration bord de mer et une ambiance nature dans votre intérieur.', 90, 15, 30, 15, 3, '2019-02-27 17:44:00', '2019-02-28 17:55:38', 1, 'decorm1', 'Lampe applique galet bois et flotté'),
(6, 2, 'Soyez bon marin, avec votre baromètre marine, n\'oubliez pas de vérifier la météo avant de prendre la mer avec ce véritable et incontournable instrument de navigation au sein de votre décoration marine.', 156, 20, 20, 8, 4, '2019-02-28 17:56:00', NULL, 1, 'decorm2', 'Baromêtre marine instrument navigation'),
(7, 2, 'Cette lunette marine est un instrument de navigation conçu pour occuper aussi peu de place que possible.\r\n\r\nLa lunette marine en bronze est une merveille aux tubes de laiton télescopiques très utilisé pour la navigation sera idéale en décoration marine dans votre intérieur.', 218, 50, 8, 8, 5, '2019-02-28 17:58:00', '2019-02-28 18:00:33', 1, 'decorm3', 'Lunette marine instrument navigation'),
(8, 2, 'Globe terrestre décoratif Hondius 1627 Classique sur socle', 99, 30, 60, 30, 3, '2019-02-28 18:01:00', NULL, 1, 'decorm4', 'Globe terrestre décoratif Hondius'),
(9, 5, 'Grande étagère en forme de barque avec 4 niveaux de rangement.  La fabrication est en bois massif teintée sur base de patine authentique.\r\nCette pointe est à l\'origine une réplique d’une proue d’un huit de la fin du 19e siècle qui avant d’être découpé, voguait sur les eaux de la Tamise.', 450, 60, 180, 40, 20, '2019-02-28 19:36:00', NULL, 1, 'col1', 'Etagère marine barque bois'),
(10, 5, 'Cette magnifique table basse marine Bombay en bois et éléments en laiton est la table basse des voyageurs aux Indes en Birmanie et à Ceylan', 800, 110, 40, 60, 48, '2019-02-28 19:37:00', NULL, 1, 'col2', 'Table basse bois laiton marine'),
(11, 5, 'Ce magnifique bar marine nous évoque le Harry’s Bar de Singapour, avec son immense plateau d’acajou poli, ses tabourets, ses barres d’appui en laiton.', 1200, 110, 100, 50, 35, '2019-02-28 19:39:00', NULL, 1, 'col3', 'Bar colonial marine bois acajou et laiton'),
(12, 5, 'Magnifique et statutaire bibliothèque en bois intégrant une échelle qui se déplace sur une barre en bronze et proposant une multitude de rangements avec 6 grands tiroirs et 2 tablettes en partie basse et 4 niveaux de rangements via étagères avec porte étiquettes en partie haute.', 1800, 110, 220, 60, 45, '2019-02-28 19:40:00', NULL, 1, 'col4', 'Bibliothèque échelle bois bronze'),
(13, 6, 'Splendide bougeoir bois massif de chêne décoratif très fonctionnel. Ce bougeoir en bois de chêne massif est fabriqué de façon artisanale dans le respect de la nature.', 30, 35, 20, 15, 2, '2019-02-28 19:43:00', NULL, 1, 'meubn1', 'Bougeoir bois massif'),
(14, 6, 'Table fauteuil et repose pied de relaxation en bois massif de chêne.', 260, 60, 50, 230, 15, '2019-02-28 19:44:00', NULL, 1, 'meubn2', 'Chaise longue bois et table pliante bois massif'),
(15, 6, 'Vous pourrez utiliser cette table basse bois massif pliante et authentique en plein air comme dans votre intérieur.', 130, 40, 30, 40, 3, '2019-02-28 19:45:00', NULL, 1, 'meubn3', 'Table basse bois massif pliante chêne'),
(16, 6, 'La table basse tronc d\'arbre dispose d\'un plateau verre poli à la main par un artisan verrier.', 60, 50, 40, 50, 8, '2019-02-28 19:47:00', NULL, 1, 'meubn4', 'Table basse tronc arbre plateau verre poli'),
(17, 7, 'Ce meuble de jardinage pour permettra de préparer vos plantes et boutures tranquillement dans votre jardin. Cette table de préparation est idéale pour la levée des semis et des plantations en toute saison.', 230, 80, 40, 40, 15, '2019-02-28 20:14:00', NULL, 1, 'decoj1', 'Table de préparation jardinage bois'),
(18, 7, 'La table de préparation de jardinage en bois de pin européen traité autoclave de Classe 3 sera idéale pour vos travaux de jardinage et éventuellement à transformer en bar pour vos invitations sur votre terrasse ou dans votre jardin.', 250, 80, 70, 40, 15, '2019-02-28 20:15:00', NULL, 1, 'decoj2', 'Table de préparation de jardinage bois'),
(19, 7, 'Ce grand bac à sable carré en bois de forme carrée donnera un avant goût de vacances à la plage à vos enfants.\r\nNos bacs à sable bois sont des terrains de jeux d\'extérieur idéals pour vos enfants et leurs amis.', 150, 100, 20, 100, 8, '2019-02-28 20:16:00', NULL, 1, 'decoj3', 'Bac à sable bois carré'),
(20, 7, 'Ce grand pont bois jardin en bois exotique de pin européen pour votre décoration de jardin tout en donnant un certain cachet tels les grands jardins coloniaux dans les îles', 2400, 180, 140, 500, 120, '2019-02-28 20:17:00', NULL, 1, 'decoj4', 'Pont bois de jardin Grande Rivière'),
(21, 8, 'Le hamac chaise currambera tissé à motifs est décliné sous 5 différents types de hamacs (hamac classique, hamac à barre, chaise hamac, hamac lounger). Ce hamac chaise connaît un franc succès avec son design simple et sa grande robustesse.', 60, 40, 10, 200, 2, '2019-02-28 20:18:00', NULL, 1, 'hamac1', 'Hamac chaise currambera rouge'),
(22, 8, 'Ce hamac décoratif est tissé en fils de coton en chaîne telle le mélange d\'une étoffe et d\'un filet macramé croisé noué.', 80, 40, 10, 200, 2, '2019-02-28 20:19:00', NULL, 1, 'hamac2', 'Hamac décoratif uni enamorada'),
(23, 8, 'Le hamac américain à barres est fabriqué avec du coton pur très résistant.', 80, 40, 10, 200, 2, '2019-02-28 20:19:00', NULL, 1, 'hamac3', 'Hamac à barres américain double coton écru'),
(24, 8, 'Support hamac en bois d\'épicéa avec label environnemental FSC.\r\nCe support de hamac bois est un support lamellé de haute qualité et imperméable.', 200, 50, 80, 200, 8, '2019-02-28 20:20:00', NULL, 1, 'hamac4', 'Support hamac bois');

-- --------------------------------------------------------

--
-- Structure de la table `lc_product_image`
--

CREATE TABLE IF NOT EXISTS `lc_product_image` (
  `id` int(11) NOT NULL AUTO_INCREMENT,
  `id_product` int(11) DEFAULT NULL,
  `extension` varchar(255) COLLATE utf8_unicode_ci NOT NULL,
  `name` longtext COLLATE utf8_unicode_ci NOT NULL,
  PRIMARY KEY (`id`),
  KEY `IDX_3B117C6ADD7ADDD` (`id_product`)
) ENGINE=InnoDB AUTO_INCREMENT=44 DEFAULT CHARSET=utf8 COLLATE=utf8_unicode_ci;

--
-- Déchargement des données de la table `lc_product_image`
--

INSERT INTO `lc_product_image` (`id`, `id_product`, `extension`, `name`) VALUES
(19, 1, '.jpg', '1551289220_1'),
(20, 2, '.jpg', '1551289329_2'),
(21, 3, '.jpg', '1551289408_3'),
(22, 4, '.jpg', '1551289477_4'),
(23, 5, '.jpg', '1551289948_5'),
(24, 6, '.jpg', '1551376788_6'),
(25, 7, '.jpg', '1551376847_7'),
(26, 8, '.jpg', '1551376923_8'),
(28, 10, '.jpg', '1551382739_10'),
(29, 11, '.jpg', '1551382803_11'),
(30, 12, '.jpg', '1551382862_12'),
(31, 13, '.jpg', '1551383069_13'),
(32, 14, '.jpg', '1551383152_14'),
(33, 15, '.jpg', '1551383211_15'),
(34, 16, '.jpg', '1551383336_16'),
(35, 17, '.jpg', '1551384909_17'),
(36, 18, '.jpg', '1551384977_18'),
(37, 19, '.jpg', '1551385027_19'),
(38, 20, '.jpg', '1551385092_20'),
(39, 21, '.jpg', '1551385138_21'),
(40, 22, '.jpg', '1551385193_22'),
(41, 23, '.jpg', '1551385233_23'),
(42, 24, '.jpg', '1551385274_24'),
(43, 9, '.jpg', '1551386649_9');

-- --------------------------------------------------------

--
-- Structure de la table `lc_vat`
--

CREATE TABLE IF NOT EXISTS `lc_vat` (
  `id` int(11) NOT NULL AUTO_INCREMENT,
  `name` varchar(255) COLLATE utf8_unicode_ci NOT NULL,
  `vatval` double NOT NULL,
  `current_vat` int(11) NOT NULL,
  PRIMARY KEY (`id`)
) ENGINE=InnoDB AUTO_INCREMENT=2 DEFAULT CHARSET=utf8 COLLATE=utf8_unicode_ci;

--
-- Déchargement des données de la table `lc_vat`
--

INSERT INTO `lc_vat` (`id`, `name`, `vatval`, `current_vat`) VALUES
(1, 'TVA', 20, 1);

--
-- Contraintes pour les tables déchargées
--

--
-- Contraintes pour la table `lc_cart`
--
ALTER TABLE `lc_cart`
  ADD CONSTRAINT `FK_CFBE8BAA6B3CA4B` FOREIGN KEY (`id_user`) REFERENCES `lc_user` (`id`),
  ADD CONSTRAINT `FK_CFBE8BAAB13B589B` FOREIGN KEY (`id_discount`) REFERENCES `lc_discount` (`id`);

--
-- Contraintes pour la table `lc_cart_product`
--
ALTER TABLE `lc_cart_product`
  ADD CONSTRAINT `FK_5D1BAD93808394B5` FOREIGN KEY (`id_cart`) REFERENCES `lc_cart` (`id`),
  ADD CONSTRAINT `FK_5D1BAD93DD7ADDD` FOREIGN KEY (`id_product`) REFERENCES `lc_product` (`id`);

--
-- Contraintes pour la table `lc_category_sub`
--
ALTER TABLE `lc_category_sub`
  ADD CONSTRAINT `FK_84B4EBF5697F554` FOREIGN KEY (`id_category`) REFERENCES `lc_category` (`id`) ON DELETE CASCADE;

--
-- Contraintes pour la table `lc_comment`
--
ALTER TABLE `lc_comment`
  ADD CONSTRAINT `FK_C8A15D916B3CA4B` FOREIGN KEY (`id_user`) REFERENCES `lc_user` (`id`),
  ADD CONSTRAINT `FK_C8A15D91DD7ADDD` FOREIGN KEY (`id_product`) REFERENCES `lc_product` (`id`);

--
-- Contraintes pour la table `lc_invoice`
--
ALTER TABLE `lc_invoice`
  ADD CONSTRAINT `FK_CCB018B91BACD2A8` FOREIGN KEY (`id_order`) REFERENCES `lc_order` (`id`);

--
-- Contraintes pour la table `lc_order`
--
ALTER TABLE `lc_order`
  ADD CONSTRAINT `FK_96EBE2426B3CA4B` FOREIGN KEY (`id_user`) REFERENCES `lc_user` (`id`),
  ADD CONSTRAINT `FK_96EBE242B13B589B` FOREIGN KEY (`id_discount`) REFERENCES `lc_discount` (`id`);

--
-- Contraintes pour la table `lc_order_product`
--
ALTER TABLE `lc_order_product`
  ADD CONSTRAINT `FK_7A40AE8F1BACD2A8` FOREIGN KEY (`id_order`) REFERENCES `lc_order` (`id`),
  ADD CONSTRAINT `FK_7A40AE8FDD7ADDD` FOREIGN KEY (`id_product`) REFERENCES `lc_product` (`id`);

--
-- Contraintes pour la table `lc_product`
--
ALTER TABLE `lc_product`
  ADD CONSTRAINT `FK_8F9F0B505E015AF4` FOREIGN KEY (`id_category_sub`) REFERENCES `lc_category_sub` (`id`);

--
-- Contraintes pour la table `lc_product_image`
--
ALTER TABLE `lc_product_image`
  ADD CONSTRAINT `FK_3B117C6ADD7ADDD` FOREIGN KEY (`id_product`) REFERENCES `lc_product` (`id`);
COMMIT;

